 {"id":76,"date":"2018-10-02T15:54:40","date_gmt":"2018-10-02T13:54:40","guid":{"rendered":"http:\/\/delphine-sophrologue-lille.com\/?page_id=76"},"modified":"2024-02-05T12:12:29","modified_gmt":"2024-02-05T11:12:29","slug":"infos-pratiques","status":"publish","type":"page","link":"http:\/\/delphine-sophrologue-lille.com\/index.php\/infos-pratiques\/","title":{"rendered":"Infos pratiques"},"content":{"rendered":"<p><iframe loading=\"lazy\"\n\t\t\t\t\tsrc=\"https:\/\/maps.google.com\/maps?q=65%20rue%20de%20la%20pannerie%2059%20250%20Halluin&#038;t=m&#038;z=13&#038;output=embed&#038;iwloc=near\"\n\t\t\t\t\ttitle=\"65 rue de la pannerie 59 250 Halluin\"\n\t\t\t\t\taria-label=\"65 rue de la pannerie 59 250 Halluin\"\n\t\t\t><\/iframe><\/p>\n<p>Adresse :<br \/>65 rue de la pannerie<br \/>59 250 Halluin<br \/>Tel : 06 62 03 62 74<\/p>\n<p>Email : <a href=\"#contact\">contact[at]delphine-sophrologue-lille.com<\/a><\/p>\n<p>Facebook : <a href=\"https:\/\/www.facebook.com\/Delphine.Sophrologue.Lille\">delphine.sophrologue.lille<\/a><\/p>\n<p><a href=\"https:\/\/www.medoucine.com\/consultation\/halluin\/delphine-dassonneville\/4507\" target=\"_blank\" rel=\"noopener noreferrer\" data-wplink-edit=\"true\">Prenez rendez-vous sur medoucine<\/a><\/p>\n<p>Dur\u00e9e d&rsquo;une s\u00e9ance : 1h<\/p>\n<p>Certaines mutuelles remboursent partiellement ou totalement les s\u00e9ances de sophrologie.<br \/>N&rsquo;h\u00e9sitez pas \u00e0 prendre contact avec votre mutuelle, je vous \u00e9tablierai une facture \u00e0 chaque fin de s\u00e9ance.<\/p>\n<hr>\n<h3 id=\"contact\">Contactez moi<\/h3>\n<p>[contact-form-7 id=\u00a0\u00bb160&Prime; title=\u00a0\u00bbContactez moi\u00a0\u00bb]<\/p>\n","protected":false},"excerpt":{"rendered":"<p>Adresse :65 rue de la pannerie59 250 HalluinTel : 06 62 03 62 74 Email : contact[at]delphine-sophrologue-lille.com Facebook : delphine.sophrologue.lille Prenez rendez-vous sur medoucine Dur\u00e9e d&rsquo;une s\u00e9ance : 1h Certaines mutuelles remboursent partiellement ou totalement les s\u00e9ances de sophrologie.N&rsquo;h\u00e9sitez pas \u00e0 prendre contact avec votre mutuelle, je vous \u00e9tablierai une facture \u00e0 chaque fin de [&hellip;]<\/p>\n","protected":false},"author":2,"featured_media":0,"parent":0,"menu_order":0,"comment_status":"closed","ping_status":"closed","template":"","meta":{"footnotes":""},"class_list":["post-76","page","type-page","status-publish","hentry"],"_links":{"self":[{"href":"http:\/\/delphine-sophrologue-lille.com\/index.php\/wp-json\/wp\/v2\/pages\/76","targetHints":{"allow":["GET"]}}],"collection":[{"href":"http:\/\/delphine-sophrologue-lille.com\/index.php\/wp-json\/wp\/v2\/pages"}],"about":[{"href":"http:\/\/delphine-sophrologue-lille.com\/index.php\/wp-json\/wp\/v2\/types\/page"}],"author":[{"embeddable":true,"href":"http:\/\/delphine-sophrologue-lille.com\/index.php\/wp-json\/wp\/v2\/users\/2"}],"replies":[{"embeddable":true,"href":"http:\/\/delphine-sophrologue-lille.com\/index.php\/wp-json\/wp\/v2\/comments?post=76"}],"version-history":[{"count":27,"href":"http:\/\/delphine-sophrologue-lille.com\/index.php\/wp-json\/wp\/v2\/pages\/76\/revisions"}],"predecessor-version":[{"id":613,"href":"http:\/\/delphine-sophrologue-lille.com\/index.php\/wp-json\/wp\/v2\/pages\/76\/revisions\/613"}],"wp:attachment":[{"href":"http:\/\/delphine-sophrologue-lille.com\/index.php\/wp-json\/wp\/v2\/media?parent=76"}],"curies":[{"name":"wp","href":"https:\/\/api.w.org\/{rel}","templated":true}]}}